- (-1 + 0 + 9)
-4
Calculate -1 - (-7 - -2) - (-3 - -2).
5
Evaluate -11 - (-6 + 9 - 10).
-4
What is -2 - (5 + (-5 - 8))?
6
Evaluate 3 + 1 + 4 + -4.
4
Evaluate 3 + (-2 - (2 + -2)).
1
4 + -1 + -2 - (5 + -8)
4
Calculate (0 - 1) + (0 - -1 - 3).
-3
What is 15 + -11 - (6 + -2)?
0
Evaluate -11 - 0 - (-7 - 2).
-2
What is the value of 41 + -51 + (7 - -1)?
-2
What is (-32 - -30) + (0 - -11)?
9
Calculate -13 + 6 + 8 + -2.
-1
What is 1 + -2 - (25 - 32)?
6
Calculate (-6 - -13) + -6 + -5.
-4
What is the value of 2 + 4 + (1 - 0 - 8)?
-1
-4 + 8 + -6 + 0
-2
Evaluate (-2 + 0 - 0) + -2 + 9.
5
What is -3 - -4 - 5 - 0?
-4
What is (-3 - 5 - -3) + 4?
-1
Calculate -8 - (-3 + 2 - 3).
-4
Evaluate -2 - -3 - (5 + 0 + -2).
-2
Evaluate (0 - (-4 + -9)) + (-8 - 0).
5
What is the value of -4 + 1 + (3 - (0 + -3))?
3
Calculate 9 - 6 - (5 - -1).
-3
What is 17 + -3 - (0 + (12 - 5))?
7
What is the value of 0 + -2 + (1 - (-1 + 4))?
-4
What is -7 + 5 - (0 + 3)?
-5
Evaluate 9 + -8 + (-4 - -2 - -1).
0
Evaluate -2 + (0 - 0) - -6.
4
1 - 2 - -7 - 3
3
What is 9 - -2 - (2 - -8)?
1
What is 11 + -5 + (0 - 1)?
5
Calculate 5 - (5 + (2 - -6) + -4).
-4
What is 1 + -1 - 2 - -5 - 1?
2
Evaluate 3 + -8 - (-2 - 1 - 2).
0
Calculate 4 + (38 - 31 - (1 - -5)).
5
-18 + (3 - -10) - (-11 + 0)
6
Calculate 0 - -2 - (4 + 0 + 0).
-2
Calculate 3 + (-5 - -4) - 7.
-5
What is 5 + -1 + -7 + (1 - -4)?
2
Evaluate 3 + (-9 - (-7 + 6)).
-5
14 - ((8 - 2) + 2)
6
-6 - (-13 - -1) - 2
4
(3 - -8) + -5 - 3
3
2 + (-5 - 1 - -2) + -1
-3
Calculate -4 + (4 - 7) + (3 - 0).
-4
Calculate (0 - -3) + (0 - 3).
0
Calculate 0 + -2 + (4 - -1) - 1.
2
What is -3 - (1 - (2 + (3 - 2)))?
-1
Evaluate (-20 + 16 - -10) + 0 + -1.
5
What is -9 - (-9 - -3) - -10?
7
What is the value of 3 + -3 - 1 - 2?
-3
Evaluate -1 + -3 + (-3 - -12) + -2.
3
0 + 0 + 2 + -4
-2
What is 3 + -3 - 4 - (-7 - -2)?
1
What is the value of -2 + -3 + (10 - -4)?
9
Evaluate (0 - 0) + 8 + -5 - 0.
3
What is the value of -10 + 9 + 2 + -5?
-4
What is the value of -1 - (0 - 0 - 1)?
0
What is -1 + (-19 - -10) + 13?
3
(-6 + 2 - -1) + -4 + 5
-2
Calculate 0 - ((3 - 6) + -5) - 3.
5
What is the value of (0 - 3 - 1) + (14 - 13)?
-3
Evaluate (-5 + 14 - 16) + 10.
3
(10 - 1) + (-87 - -85)
7
What is the value of 5 + 5 + 1 + -6?
5
Evaluate 2 + (-2 - 1) + 7 + -2.
4
What is -3 + (10 - 9) + 2?
0
(-2 - -4) + 0 + -3
-1
What is the value of 0 - (1 + -2) - (-19 + 24)?
-4
Evaluate -15 + 22 + -11 + 8.
4
What is the value of 0 - (0 - 1 - (2 + -6))?
-3
Calculate -12 + 1 + 6 + 2.
-3
-14 + 6 - (-4 + 1 + -3)
-2
What is the value of -4 + -1 + -11 + 10?
-6
Evaluate -1 + ((-3 - -7) + -6 - -2).
-1
Calculate 2 - ((-2 - 2) + (-1 - -3)).
4
Evaluate (2 - -5 - (12 + -6)) + 3.
4
-6 - (-2 + -2 - (-6 + 3))
-5
What is the value of -3 - (-14 + 9 + -2)?
4
Evaluate (-1 - 1 - 3) + 3 + -1.
-3
Evaluate 1 - (-7 - (-11 + 6)).
3
What is -2 + -5 + 6 + -5 + 1?
-5
1 + (-1 - 9) + 1 + 4
-4
Calculate -4 - (0 - 4) - -3.
3
What is the value of (-4 - -4) + 4 - 4?
0
What is 3 + (4 - 6) + (-28 - -21)?
-6
Evaluate -7 + -3 + 2 + 0.
-8
7 - (13 - (-8 - (-2 + -7)))
-5
What is -3 + 1 - (3 + -4)?
-1
What is (-8 - -7) + -5 - 0?
-6
What is -3 + 8 + -4 + 2 + 8?
11
Evaluate 4 - 3 - (-64 - -72).
-7
What is the value of -17 - (1 - 3 - 11)?
-4
What is the value of 2 + 1 - (-1 + 2)?
2
11 - 12 - (8 - 1) - -3
-5
-1 + -6 + -41 + 41
-7
Calculate -4 + 0 - -2 - (-1 + 3).
-4
What is the value of 14 - 3 - 0 - 20?
-9
What is 6 + (0 - (3 + -1))?
4
What is -17 + 15 - (0 - 4) - 3?
-1
Calculate 4 + -13 - (-3 + -3).
-3
What is (0 + -1 - -5) + -77 + 74?
1
What is the value of 10 + (-3 - 4) + 4?
7
Evaluate ((0 - -3) + -3 - 1) + 5.
4
What is 0 - (5 - (6 + -1) - 2)?
2
What is 1 - -2 - (3 - 1)?
1
Evaluate (-3 + 13 - -5) + -7.
8
Calculate 1 + 4 + (6 - 8) + -2.
1
Calculate -2 + -2 + (-4 - -14).
6
What is the value of 1 + 2 - (-4 + 3 - -7)?
-3
Calculate 8 - (14 + (-29 - -13)).
10
What is 1 - -2 - -2 - 4?
1
Evaluate 18 - 20 - (1 - -2).
-5
What is the value of 0 + 1 + (3 - -10) + -13?
1
1 + -3 + -3 + (-1 - -3)
-3
What is -101 + 105 - (0 + 8)?
-4
Calculate 2 - (1 - -1 - (-13 + 9)).
-4
4 - (-8 + (4 - -9))
-1
Calculate -6 + (0 - 2 - (5 + -15)).
2
What is the value of 0 + -1 + 0 + (54 - 50)?
3
Evaluate 1 - (-4 - (-10 - -6)).
1
What is (-6 - 1 - -5) + -2?
-4
Evaluate 3 + 5 + 0 + -10 + 7.
5
What is (0 - 4 - (-20 + 9)) + 0?
7
What is -9 + (-6 - -7) + 4?
-4
What is the value of (-40 - -33) + 1 + 12?
6
Calculate 8 + -5 + -7 + (0 - -2).
-2
7 - (3 - (4 - 3))
5
What is 7 + -5 + 2 + -3 - 7?
-6
Evaluate (6 - 3) + (-4 - -2) - 4.
-3
-70 + 74 + (-1 - 1)
2
Evaluate -1 - -9 - 13 - -4.
-1
Evaluate (5 + -5 + -4 - -5) + -1.
0
Calculate -5 + (-3 - (-11 + 6 - 0)).
-3
-1 + 5 + 0 + 5 + -4
5
What is 6 + 5 + -6 - 6?
-1
Calculate -1 - (3 - 2) - (-41 - -49).
-10
What is the value of (-1 - -6) + -3 - 0?
2
Evaluate (-1 - 0) + -1 + (-163 - -162).
-3
Calculate 1 + (-2 - -1) + -40 + 43.
3
What is -2 + -4 - (9 - 11)?
-4
Evaluate (-139 - -138) + (-1 - -6).
4
What is (7 - (0 + 0)) + -5?
2
(-9 - -8) + -1 - 5
-7
What is 5 + (3 - -7) + -9?
6
What is the value of 3 - 1 - (-9 - -14)?
-3
Calculate 7 - 9 - (-6 + 3 + -5).
6
Calculate -1 - (-2 + 7 + -9 + -1).
4
What is the value of -2 + -4 + (6 - 4)?
-4
3 + 2 + -4 + -8
-7
Evaluate 1 + -3 + 5 + -3.
0
What is the value of 0 - 0 - (4 + 0) - -5?
1
What is the value of -7 + 5 - 8 - -17?
7
Evaluate (-2 - -15 - 9) + -12.
-8
Calculate (10 - 9) + 4 + 0.
5
What is -11 - -9 - (-1 + 3)?
-4
What is the value of 4 + -3 + (6 + -15 - -4)?
-4
What is 1 + -5 - (7 + 2 + -8)?
-5
Calculate 59 + -57 - (-3 - -1).
4
What is the value of 4 + (-4 - -5) + -3 + 0?
2
-16 + 11 + 7 + -1
1
Evaluate 0 - ((4 - 10) + -3) - 4.
5
3 + (0 - 4 - 1)
-2
Evaluate (-3 - -11 - 2) + -10.
-4
Calculate 1 + 0 + (5 - 5).
1
4 + -18 + 5 - -4
-5
What is the value of (7 - (8 - 5 - 2)) + 4?
10
Calculate 0 - 6 - (-4 + 6 + -5).
-3
What is the value of 0 + (-2 - 2) + 0 - -3?
-1
What is (-3 - 1) + (0 + 2 - 3)?
-5
What is -7 + (10 - -3 - 0)?
6
What is the value of -8 + 10 + 4 - 5?
1
What is 36 + -28 - (-1 - -5)?
4
Evaluate 0 - 0 - (-6 + 8 + 1).
-3
Calculate 1 - (-10 + 9) - -3.
5
What is 1 - ((4 - 3) + -4)?
4
Calculate (-4 - (0 + (-1 - 0))) + -1.
-4
What is the value of (18 - 14) + -1 + 2?
5
Evaluate 1 - -2 - (-59 - -66).
-4
-5 + -2 + 3 + 8 + -8
-4
What is 1 + -14 + 18 + (-2 - -5)?
8
-5 + (1 - 2) - (-328 + 320)
2
Calculate 2 + -2 + 0 + -2 + 1.
-1
-4 + (-9 - -2 - -5)
-6
Calculate (-1 + 1 - 1) + 20 + -16.
3
Calculate 0 + -4 + (-71 - -79).
4
Calculate 4 - (5 - (3 - 2)).
0
Calculate 1 + 0 + 3 - (8 - 9).
5
What is 5 + (5 + -6 - 7)?
-3
Evaluate -1 + (-4 - -6) - (1 + 8).
-8
Evaluate 5 - ((0 - (0 - -1)) + 4).
2
Evaluate -5 - (2 + (3 - 9)) - 6.
-7
What is the value of -1 + (-2 - -1) + -2?
-4
What is 5 + -1 + -5 + 5?
4
What is 1 - ((-2 - -4) + 2)?
-3
Calculate 5 - (12 + -5 + -5) - 2.
1
What is 2 + (0 - (2 - (-3 - -1)))?
-2
Evaluate (-6 - (2 - 15)) + -6.
1
What is 23 - 22 - (1 + 2 + -2)?
0
What is the value of 0 - (2 + (4 + -2 - -1))?
-5
Calculate -36 + 38 + (1 - (1 - -6)).
-4
-6 + (-4 - (0 - 3))
-7
-9 - (-18 + -6 + 10)
5
Calculate 4 - (-1 + -1) - (8 - 4).
2
-7 + (3 - -7) - (4 - 0)
-1
Calculate 131 + -131 - (-6 - 0).
6
Calculate 6 + -12 + 5 + -2.
-3
What is 25 + -17 + -11 + -1?
-4
Evaluate 1 + -1 - -5 - (-9 + 11).
3
What is the value of -2 + 2 - (-3 - -6)?
-3
What is the value of -14 - (-20 - -11) - 0?
-5
-3 - -2 - 1 - (-4 - -1)
1
What is -92 + 90 - (-8 + 2)?
4
What is -3 - (-2 + (2 - 4)) - 0?
1
Calculate 20 + 2 + -9 + -6.
7
What is the value of -5 + (0 - -3) + -1?
-3
What is the value of (-5 - -2) + 21 + -24?
-6
What is 21 + -13 + (-2 - -1)?
7
-17 + 27 - (-4 + 1 + 3)
10
What is the value of -11 - (-10 - -9 - 4)?
-6
What is the value of (77 - 75) + (-2 + 1 - 0)?
1
(-7 - -2) + (6 - 6) + -3
-8
Calculate (-4 - -5) + (0 + -5 - -2).
-2
What is -1 - 0 - (-6 + -3 + 6)?
2
Calculate 0 + (-8 - -7) - -2.
1
Evaluate 1 + (-1 + -2 - 3).
-5
Evaluate 0 - (-3 + 8 + -2).
-3
What is -4 + 0 + 2 + 1 + -1?
-2
Calculate 9 + -11 + -1 + 0.
-3
Calculate (4 + -7 - -5) + -4 - -2.
0
Evaluate -7 + (-4 - (-12 + (3 - -1))).
-3
What is the value of -8 + 22 + -7 + -2?
5
8 + (6 - 6 - 4) + -4
0
Calculate (31 - 28 - (0 - 3)) + -5.
1
What is the value of -3 - (-6 + 7) - -4?
0
What is the value of -5 + -3 + 6 + (1 - -5)?
4
Evaluate 1 + (-7 - -3) + 1.
-2
-6 + 0 + (-4 - (-17 - -11))
-4